he prime factors of z.
2, 5
Suppose 0 = 3*r - 5 - 4. Suppose -8 = -0*m + 4*m, 0 = 2*j + r*m. Suppose j*o - 24 = -0*o. List the prime factors of o.
2
Let v(g) = g**2 - 1. What are the prime factors of v(5)?
2, 3
What are the prime factors of (1/(-2))/(2/(-96))?
2, 3
Suppose 0*l + 38 = 2*l. Let a(r) = 2*r**2 + r - 1. Let w be a(-4). Let p = w - l. List the prime factors of p.
2
Suppose -3*n + 6*n - 60 = 0. What are the prime factors of n?
2, 5
Let y = 216 + -138. List the prime factors of y.
2, 3, 13
Let d(v) = 3*v**2 + 21*v - 18. What are the prime factors of d(-10)?
2, 3
Let n(l) be the third derivative of l**5/60 + l**4/4 + l**3 - l**2. Let f be n(-5). Suppose -p - f = -3. List the prime factors of p.
2
Let l(k) = -k**2 + 2*k + 7. Let c(v) = v**2 - 3*v - 6. Let g(b) = 3*c(b) + 2*l(b). List the prime factors of g(7).
2, 5
Let c(u) = -u - 6. Let b be c(-7). Let z be b + 0 + 6/2. Suppose -1 = -4*f + 5*t + 68, z*t + 53 = 3*f. List the prime factors of f.
11
Let u = 6 - -26. List the prime factors of u.
2
Suppose 0 = v + 5*v - 1386. What are the prime factors of v?
3, 7, 11
Let j(w) = w + 5. Let q be j(-4). List the prime factors of 2 + -3 + 15*q.
2, 7
Suppose -x = x - 194. Let g = x + -49. Suppose -2*n + t = -19, 5*n + t - g = 4*t. List the prime factors of n.
3
Suppose 0 = 3*d + 4*d - 21. Suppose -i + 5*i = 5*m - 135, -94 = -3*m + 5*i. Suppose -4 - m = -d*a. List the prime factors of a.
3
Suppose 8 = a + 3*a. Suppose w - 24 = -5*m, 3*m - 5*w + 9 - 1 = 0. Suppose a*v - 11 = -z + m*v, z = -3*v - 9. List the prime factors of z.
3
Let s(c) be the first derivative of -c**4/4 + c**2/2 + 19*c - 1. Let n be s(0). Suppose -4*l = -2*v - 3*l + 7, 0 = -2*v - 3*l + n. List the prime factors of v.
5
Let c = 62 - 35. What are the prime factors of c?
3
What are the prime factors of (4 + 0)*(-363)/(-12)?
11
Suppose -3 = 7*a - 38. Let k be 0 - 2*(-9)/2. Let o = k - a. What are the prime factors of o?
2
Let z(p) = p**3 + 10*p**2. What are the prime factors of z(-8)?
2
Suppose -17*z - 394 = -4882. What are the prime factors of z?
2, 3, 11
Suppose -3*f = -9, 0 = -4*z + 2*z + 3*f + 9. Suppose 0*i = -i + z. List the prime factors of i.
3
Suppose -5*z - 275 + 80 = 3*r, -5*z - 130 = 2*r. Let o = -22 - r. What are the prime factors of o?
43
Let m(y) = -y**2 + 10*y - 3. Let u be m(9). Suppose -x = -3*x + u. List the prime factors of 37/x + 3/(-9).
2, 3
Let z = 4 + -4. Let y be 1 + z + (-2)/(-1). Suppose -5*p = -0*p + s - 14, y*p - 4*s = -10. List the prime factors of p.
2
Let g(w) = w**2 + w - 7. Let j be g(-6). Let a = j + -6. List the prime factors of a.
17
Let q be ((-12)/3 - -11) + -3. What are the prime factors of q/(-10) + (-308)/(-70)?
2
Suppose 16 + 164 = 5*w. Suppose -d - 4*j + 24 = -9*j, -5*d + 4*j = -w. List the prime factors of d.
2
Suppose 2*y - 4*y = -10. Let j(b) = -b**3 + 5*b**2 + 2*b - 4. What are the prime factors of j(y)?
2, 3
Let z = 7 - 11. Let s = 5 + z. Suppose 0 = -f + s + 3, -22 = -o - 5*f. What are the prime factors of o?
2
What are the prime factors of 148/16*(-1 - -5) + -3?
2, 17
List the prime factors of -3 - -14*(3 - -3).
3
Suppose -3*y = 53 + 25. Let v = y - -45. List the prime factors of v.
19
Let b = 151 - 80. List the prime factors of b.
71
Let q be (-20)/(-12)*(-6)/(-2). Suppose -q*f - m = 4*m - 30, 0 = 5*f - 5*m - 60. What are the prime factors of f?
3
Let q(p) = -2*p**2 - 7*p - 2. Let r be q(-7). Let u = 109 + r. List the prime factors of u.
2, 29
Suppose 4*q + 138 = -102. List the prime factors of (q/(-14))/((-1)/(-7)).
2, 3, 5
Let z(k) = -k**3 - 4*k**2 + 15*k + 7. Let f be z(-6). List the prime factors of f/(-33) - 220/(-6).
37
What are the prime factors of 435/12 - (5/4 + -1)?
2, 3
Suppose 0 = 3*o + 10*o - 1391. List the prime factors of o.
107
What are the prime factors of 392/18 + (-10)/(-45)?
2, 11
Let i(d) = -d**3 - 6*d**2 - 6*d - 8. Let u be i(-6). Suppose u + 52 = 2*k. List the prime factors of k.
2, 5
Let b(n) = n**3 + 18*n**2 - 3*n + 6. What are the prime factors of b(-18)?
2, 3, 5
Let d(z) = -3*z + 1. Let q = -4 + 3. List the prime factors of d(q).
2
Let d(m) be the second derivative of m**3/6 + m**2/2 - 4*m. Let r be d(1). Suppose h + 0 = -2, -5*t + 19 = -r*h. What are the prime factors of t?
3
Let s(n) = 7*n**2 + 8*n + 20. What are the prime factors of s(-4)?
2, 5
Let k(x) = 2*x**2 + 11*x + 2. List the prime factors of k(-6).
2
Suppose -3*q = -3*i - 8*q + 68, -3*q = 3*i - 60. Suppose 6*f - f + 5*o = 15, -4*f - 5*o = -7. Let a = i - f. List the prime factors of a.
2
Suppose 2*q = -4*m + 4, -6*q + 5*m = -4*q - 4. What are the prime factors of q?
2
Let w = 5 - 4. Suppose 4*d + w = -7. Let m(s) = 2*s**2 + 3*s. List the prime factors of m(d).
2
Let g = -122 - -292. What are the prime factors of g?
2, 5, 17
Suppose -5*p + 3*y - 11 = 0, -3*p - 5 = -y - 0*y. Let m be (16/(-6))/(-2) + 4/(-12). What are the prime factors of 20 - p - (m + 2)?
2, 3
Suppose 6*j - 11 - 37 = 0. What are the prime factors of j?
2
Suppose -4*u - 12 = -u. List the prime factors of 33/44 + (-5)/u.
2
Let c = -12 - -10. Let r = c - -22. What are the prime factors of r?
2, 5
Let g be (-26)/(-22) - 8/44. Let j = 35 - g. What are the prime factors of j?
2, 17
What are the prime factors of (-1 - 2)*(-242)/6?
11
Let g(q) = -q**3 + 3*q**2 + 4*q + 12. Let l be g(6). Let s = l - -106. What are the prime factors of s?
2, 17
Suppose 2*k + 70 = 2*z + 386, 625 = 4*k + 3*z. What are the prime factors of k?
157
Suppose -3*z + 3*w + w - 15 = 0, 4*w = -5*z + 7. List the prime factors of 1*-7*z - -2.
3
Let l = -73 - -111. What are the prime factors of l/3 - (-2)/6?
13
Let u = 103 + -68. Suppose -3*z + u = 2*z. List the prime factors of z.
7
Suppose 60 = -l + 5*l. List the prime factors of l.
3, 5
Let h = -110 + 186. What are the prime factors of h?
2, 19
Suppose k - 19 = 34. What are the prime factors of k?
53
Suppose 0*o - 12 = -2*o + 5*k, -o + 5 = -3*k. What are the prime factors of o?
11
Let q = -9 - -3. List the prime factors of q/(0 + 3)*-11.
2, 11
Let a(c) = 5*c + 4. Let v(x) = -6*x - 5. Let s(u) = 3*a(u) + 2*v(u). Let m be s(2). What are the prime factors of (20/(-6))/(m/(-12))?
5
Let q(y) = -y**3 - 8*y**2 - 5*y + 1. Suppose 0 = -5*j - 40. Let t be q(j). What are the prime factors of (t + -2)/3*1?
13
Let b(z) = -z**3 + 6*z**2 + 8*z - 4. What are the prime factors of b(5)?
61
Suppose -2*q = -6*q + 76. Suppose -5*k = -4*g + q - 65, -4*k = g - 20. List the prime factors of k.
2, 3
Let b be (2/4)/(2/20). List the prime factors of (b + -7)/((-6)/141).
47
Suppose 0 = -3*o + 8 - 2. List the prime factors of o.
2
Let s(p) = -6 + 0*p**2 - 2 + p**2 + 7*p. List the prime factors of s(-9).
2, 5
Let x = -647 + 908. List the prime factors of x.
3, 29
Let j = -1 - -5. Suppose -m = 2*w - 4, -1 = -3*w - j*m + 10. List the prime factors of (-2 + 1)*w*-5.
5
Let g = -1 - -14. Suppose l - j - 1 = 0, j + 7 = 3*l - 0. Let n = g - l. What are the prime factors of n?
2, 5
Suppose -20 = -4*c, 0*n - 2*n + 62 = 4*c. List the prime factors of n.
3, 7
Let a be 2280/(-75) + 4/10. Let i(p) = -11*p - 2. Let q be i(4). Let f = a - q. List the prime factors of f.
2
List the prime factors of 4336/20 + 7/35.
7, 31
Let g be (-8)/(-6) + 4/(-12). Let k be (-1)/(g/(-43)) - -1. Let n = -25 + k. List the prime factors of n.
19
Suppose 2*v - 27 = p - 5, -2*v + 3*p = -14. List the prime factors of v.
13
Suppose 0 = -5*l + 6 - 1. Let w(t) = 3*t - l - 7 + 2. What are the prime factors of w(6)?
2, 3
Let r(n) = -7*n + 0*n - 3*n - 7*n. List the prime factors of r(-2).
2, 17
List the prime factors of 73/4 - 8/32.
2, 3
Let d(j) = -j**3 - j**2 + 4*j + 3. Let x(k) = 3*k**2 - 2*k - 4. Let c(q) = -q**2 + 1. Let z(n) = 5*c(n) + x(n). Let p be z(-2). List the prime factors of d(p).
3
Let y(r) = 2*r - 6. Let s be y(5). Suppose -s*a = 3*m - 77, 0*a - 33 = -m - 5*a. What are the prime factors of m?
23
Suppose 5*f = -0*f + 15. Suppose 0 = -3*c + 1 + 2. List the prime factors of 6/((4 - c)/f).
2, 3
Let m be (-322)/4 + 13/26. Let g = -41 - m. What are the prime factors of g?
3, 13
Suppose -4*v = -2*i + 20, 5*v = 8 - 28. Suppose 40 = 3*j - 2*c, -j + 4 = 5*c + i. What are the prime factors of j?
2, 3
Suppose -2*d + 118 = 4*l, -4*l + 248 = -d + 5*d. List the prime factors of d.
5, 13
Let h(g) = 4*g**2 + g - 5. Let a be h(-5). Sup